mainder when 451 is divided by 11?
0
Calculate the remainder when 793 is divided by 28.
9
Calculate the remainder when 104 is divided by 21.
20
Calculate the remainder when 28473 is divided by 452.
449
What is the remainder when 2231 is divided by 118?
107
Calculate the remainder when 3386 is divided by 35.
26
What is the remainder when 1084 is divided by 154?
6
Calculate the remainder when 93 is divided by 39.
15
Calculate the remainder when 893 is divided by 23.
19
What is the remainder when 268 is divided by 261?
7
Calculate the remainder when 159 is divided by 134.
25
What is the remainder when 315 is divided by 137?
41
Calculate the remainder when 3845 is divided by 25.
20
What is the remainder when 301 is divided by 38?
35
What is the remainder when 239 is divided by 126?
113
What is the remainder when 1173 is divided by 28?
25
What is the remainder when 493 is divided by 243?
7
What is the remainder when 1531 is divided by 64?
59
Calculate the remainder when 34 is divided by 23.
11
What is the remainder when 276 is divided by 40?
36
Calculate the remainder when 208 is divided by 79.
50
Calculate the remainder when 365 is divided by 5.
0
Calculate the remainder when 8077 is divided by 4020.
37
What is the remainder when 158 is divided by 112?
46
What is the remainder when 195 is divided by 17?
8
Calculate the remainder when 36847 is divided by 173.
171
What is the remainder when 4448 is divided by 223?
211
Calculate the remainder when 622 is divided by 221.
180
Calculate the remainder when 120 is divided by 36.
12
What is the remainder when 571 is divided by 17?
10
Calculate the remainder when 376 is divided by 149.
78
What is the remainder when 1390 is divided by 15?
10
Calculate the remainder when 48 is divided by 14.
6
Calculate the remainder when 231 is divided by 58.
57
Calculate the remainder when 193 is divided by 192.
1
What is the remainder when 34 is divided by 19?
15
Calculate the remainder when 220 is divided by 56.
52
What is the remainder when 53567 is divided by 72?
71
Calculate the remainder when 129 is divided by 76.
53
Calculate the remainder when 90 is divided by 11.
2
What is the remainder when 14573 is divided by 21?
20
What is the remainder when 125 is divided by 105?
20
Calculate the remainder when 320 is divided by 54.
50
Calculate the remainder when 1987 is divided by 396.
7
Calculate the remainder when 34636 is divided by 47.
44
What is the remainder when 647 is divided by 25?
22
What is the remainder when 4070 is divided by 69?
68
What is the remainder when 3695 is divided by 44?
43
What is the remainder when 17457 is divided by 45?
42
Calculate the remainder when 478 is divided by 16.
14
What is the remainder when 576 is divided by 58?
54
What is the remainder when 157 is divided by 29?
12
Calculate the remainder when 714 is divided by 100.
14
What is the remainder when 440 is divided by 26?
24
What is the remainder when 178 is divided by 161?
17
What is the remainder when 941 is divided by 221?
57
What is the remainder when 3809 is divided by 10?
9
What is the remainder when 381 is divided by 72?
21
What is the remainder when 672 is divided by 52?
48
Calculate the remainder when 14058 is divided by 10.
8
What is the remainder when 175 is divided by 70?
35
Calculate the remainder when 1133 is divided by 16.
13
Calculate the remainder when 8974 is divided by 24.
22
What is the remainder when 959 is divided by 74?
71
What is the remainder when 501 is divided by 164?
9
Calculate the remainder when 1623 is divided by 206.
181
Calculate the remainder when 192 is divided by 78.
36
What is the remainder when 30266 is divided by 161?
159
Calculate the remainder when 235 is divided by 108.
19
What is the remainder when 349 is divided by 27?
25
Calculate the remainder when 75 is divided by 20.
15
Calculate the remainder when 102 is divided by 42.
18
What is the remainder when 607 is divided by 10?
7
What is the remainder when 218 is divided by 74?
70
What is the remainder when 123 is divided by 2?
1
Calculate the remainder when 55 is divided by 6.
1
Calculate the remainder when 955 is divided by 87.
85
What is the remainder when 154 is divided by 30?
4
What is the remainder when 897 is divided by 9?
6
What is the remainder when 111 is divided by 73?
38
What is the remainder when 6224 is divided by 22?
20
Calculate the remainder when 19 is divided by 16.
3
Calculate the remainder when 1386 is divided by 197.
7
What is the remainder when 59 is divided by 10?
9
Calculate the remainder when 7053 is divided by 16.
13
Calculate the remainder when 81 is divided by 60.
21
What is the remainder when 308 is divided by 31?
29
Calculate the remainder when 7322 is divided by 54.
32
Calculate the remainder when 32 is divided by 32.
0
Calculate the remainder when 115 is divided by 37.
4
What is the remainder when 110 is divided by 12?
2
Calculate the remainder when 3073 is divided by 124.
97
What is the remainder when 175 is divided by 8?
7
Calculate the remainder when 396 is divided by 187.
22
What is the remainder when 527 is divided by 38?
33
What is the remainder when 202 is divided by 60?
22
What is the remainder when 1547 is divided by 155?
152
Calculate the remainder when 22773 is divided by 146.
143
Calculate the remainder when 73 is divided by 13.
8
What is the remainder when 2612 is divided by 46?
36
Calculate the remainder when 235 is divided by 60.
55
Calculate the remainder when 1025 is divided by 38.
37
What is the remainder when 325 is divided by 207?
118
What is the remainder when 1077 is divided by 47?
43
Calculate the remainder when 83 is divided by 48.
35
Calculate the remainder when 301 is divided by 7.
0
Calculate the remainder when 686 is divided by 99.
92
What is the remainder when 374 is divided by 7?
3
What is the remainder when 673 is divided by 75?
73
Calculate the remainder when 23 is divided by 13.
10
Calculate the remainder when 363 is divided by 149.
65
What is the remainder when 381 is divided by 97?
90
Calculate the remainder when 1471 is divided by 32.
31
What is the remainder when 1761 is divided by 136?
129
What is the remainder when 15468 is divided by 13?
11
What is the remainder when 6555 is divided by 16?
11
Calculate the remainder when 137 is divided by 14.
11
What is the remainder when 28 is divided by 9?
1
Calculate the remainder when 804 is divided by 23.
22
Calculate the remainder when 154 is divided by 18.
10
What is the remainder when 563 is divided by 145?
128
Calculate the remainder when 65 is divided by 3.
2
Calculate the remainder when 47 is divided by 11.
3
Calculate the remainder when 812 is divided by 470.
342
What is the remainder when 6237 is divided by 2076?
9
Calculate the remainder when 218 is divided by 101.
16
Calculate the remainder when 837 is divided by 421.
416
Calculate the remainder when 1402 is divided by 52.
50
Calculate the remainder when 106 is divided by 41.
24
Calculate the remainder when 67 is divided by 34.
33
What is the remainder when 8331 is divided by 4161?
9
What is the remainder when 1222 is divided by 8?
6
Calculate the remainder when 10708 is divided by 315.
313
What is the remainder when 855 is divided by 33?
30
What is the remainder when 871 is divided by 80?
71
Calculate the remainder when 477 is divided by 15.
12
Calculate the remainder when 13660 is divided by 138.
136
What is the remainder when 988 is divided by 247?
0
What is the remainder when 42 is divided by 30?
12
What is the remainder when 132 is divided by 31?
8
Calculate the remainder when 960 is divided by 26.
24
Calculate the remainder when 174 is divided by 55.
9
Calculate the remainder when 7067 is divided by 5.
2
Calculate the remainder when 599 is divided by 98.
11
Calculate the remainder when 21759 is divided by 31.
28
Calculate the remainder when 805 is divided by 51.
40
Calculate the remainder when 221 is divided by 35.
11
What is the remainder when 106 is divided by 18?
16
What is the remainder when 175 is divided by 40?
15
What is the remainder when 5771 is divided by 251?
249
Calculate the remainder when 265 is divided by 139.
126
Calculate the remainder when 38 is divided by 29.
9
What is the remainder when 2222 is divided by 159?
155
What is the remainder when 25087 is d